
What is the hundreds digit of 1464?
4
What is the hundreds digit of 6500?
5
What is the tens digit of 395?
9
What is the units digit of 1583?
3
What is the hundreds digit of 2414?
4
What is the ten thousands digit of 18311?
1
What is the units digit of 9855?
5
What is the thousands digit of 27608?
7
What is the units digit of 4214?
4
What is the tens digit of 8884?
8
What is the tens digit of 939?
3
What is the units digit of 5073?
3
What is the hundreds digit of 11221?
2
What is the ten thousands digit of 23536?
2
What is the units digit of 3624?
4
What is the tens digit of 2059?
5
What is the tens digit of 513?
1
What is the units digit of 1382?
2
What is the units digit of 95011?
1
What is the units digit of 6927?
7
What is the hundreds digit of 3815?
8
What is the thousands digit of 2681?
2
What is the ten thousands digit of 11564?
1
What is the hundreds digit of 105?
1
What is the hundreds digit of 2702?
7
What is the thousands digit of 3762?
3
What is the ten thousands digit of 47800?
4
What is the units digit of 4041?
1
What is the units digit of 5652?
2
What is the tens digit of 22624?
2
What is the thousands digit of 19358?
9
What is the hundreds digit of 5983?
9
What is the thousands digit of 1331?
1
What is the tens digit of 82?
8
What is the hundreds digit of 1371?
3
What is the tens digit of 224?
2
What is the units digit of 1724?
4
What is the tens digit of 240?
4
What is the units digit of 58608?
8
What is the tens digit of 1918?
1
What is the tens digit of 1981?
8
What is the thousands digit of 20586?
0
What is the units digit of 12885?
5
What is the units digit of 10748?
8
What is the tens digit of 47077?
7
What is the hundreds digit of 11486?
4
What is the ten thousands digit of 10620?
1
What is the tens digit of 32360?
6
What is the hundreds digit of 25420?
4
What is the hundred thousands digit of 100021?
1
What is the hundreds digit of 2416?
4
What is the hundreds digit of 754?
7
What is the ten thousands digit of 56229?
5
What is the thousands digit of 5669?
5
What is the units digit of 5042?
2
What is the hundreds digit of 1073?
0
What is the units digit of 2239?
9
What is the units digit of 12119?
9
What is the ten thousands digit of 38661?
3
What is the units digit of 1545?
5
What is the units digit of 6246?
6
What is the units digit of 3522?
2
What is the tens digit of 2788?
8
What is the tens digit of 5355?
5
What is the hundreds digit of 1874?
8
What is the units digit of 9797?
7
What is the tens digit of 1583?
8
What is the units digit of 2294?
4
What is the hundreds digit of 4460?
4
What is the thousands digit of 31282?
1
What is the tens digit of 528?
2
What is the ten thousands digit of 63346?
6
What is the ten thousands digit of 19076?
1
What is the tens digit of 40054?
5
What is the thousands digit of 10342?
0
What is the hundreds digit of 426?
4
What is the tens digit of 760?
6
What is the tens digit of 105373?
7
What is the tens digit of 5343?
4
What is the tens digit of 60358?
5
What is the tens digit of 922?
2
What is the tens digit of 1048?
4
What is the tens digit of 324?
2
What is the hundreds digit of 1464?
4
What is the tens digit of 286?
8
What is the units digit of 1409?
9
What is the units digit of 99510?
0
What is the tens digit of 236?
3
What is the hundreds digit of 39694?
6
What is the units digit of 8319?
9
What is the thousands digit of 111248?
1
What is the tens digit of 283?
8
What is the ten thousands digit of 186575?
8
What is the hundreds digit of 103?
1
What is the hundreds digit of 338?
3
What is the hundred thousands digit of 112541?
1
What is the tens digit of 1018?
1
What is the thousands digit of 3711?
3
What is the units digit of 83776?
6
What is the units digit of 30251?
1
What is the hundreds digit of 6971?
9
What is the hundreds digit of 14443?
4
What is the thousands digit of 122751?
2
What is the tens digit of 2489?
8
What is the units digit of 12183?
3
What is the units digit of 849?
9
What is the thousands digit of 2854?
2
What is the thousands digit of 6412?
6
What is the thousands digit of 2425?
2
What is the units digit of 4138?
8
What is the thousands digit of 1765?
1
What is the units digit of 8025?
5
What is the units digit of 198?
8
What is the units digit of 9367?
7
What is the hundreds digit of 10242?
2
What is the units digit of 3134?
4
What is the thousands digit of 15895?
5
What is the thousands digit of 17050?
7
What is the hundreds digit of 1981?
9
What is the hundreds digit of 5587?
5
What is the hundreds digit of 329?
3
What is the units digit of 116?
6
What is the units digit of 58117?
7
What is the units digit of 441?
1
What is the tens digit of 4140?
4
What is the thousands digit of 18397?
8
What is the units digit of 39308?
8
What is the tens digit of 10983?
8
What is the hundreds digit of 53365?
3
What is the units digit of 1016?
6
What is the hundreds digit of 1045?
0
What is the units digit of 6351?
1
What is the hundreds digit of 3642?
6
What is the units digit of 612?
2
What is the thousands digit of 19673?
9
What is the hundreds digit of 2188?
1
What is the tens digit of 378?
7
What is the units digit of 16652?
2
What is the thousands digit of 2662?
2
What is the hundreds digit of 9993?
9
What is the thousands digit of 6913?
6
What is the hundreds digit of 30950?
9
What is the thousands digit of 10196?
0
What is the hundreds digit of 25945?
9
What is the units digit of 191?
1
What is the units digit of 53993?
3
What is the units digit of 6522?
2
What is the units digit of 9976?
6
What is the units digit of 6311?
1
What is the units digit of 516?
6
What is the tens digit of 22268?
6
What is the hundreds digit of 4904?
9
What is the ten thousands digit of 64165?
6
What is the hundreds digit of 97093?
0
What is the thousands digit of 1769?
1
What is the hundreds digit of 2138?
1
What is the thousands digit of 69723?
9
What is the tens digit of 19864?
6
What is the tens digit of 78?
7
What is the hundreds digit of 1661?
6
What is the units digit of 2597?
7
What is the units digit of 63529?
9
What is the hundreds digit of 135072?
0
What is the units digit of 1571?
1
What is the hundred thousands digit of 113783?
1
What is the units digit of 5465?
5
What is the tens digit of 1026?
2
What is the units digit of 521?
1
What is the hundreds digit of 900?
9
What is the hundreds digit of 955?
9
What is the tens digit of 73832?
3
What is the hundreds digit of 2462?
4
What is the hundreds digit of 82786?
7
What is the tens digit of 2928?
2
What is the tens digit of 38090?
9
What is the hundreds digit of 3717?
7
What is the thousands digit of 106247?
6
What is the thousands digit of 15619?
5
What is the hundreds digit of 1564?
5
What is the thousands digit of 33665?
3
What is the hundreds digit of 977?
9
What is the tens digit of 6379?
7
What is the hundreds digit of 10060?
0
What is the tens digit of 2615?
1
What is the units digit of 64982?
2
What is the units digit of 14587?
7
What is the units digit of 64364?
4
What is the tens digit of 59766?
6
What is the ten thousands digit of 14612?
1
What is the tens digit of 1298?
9
What is the tens digit of 56?
5
What is the tens digit of 17208?
0
What is the ten thousands digit of 106558?
0
What is the hundreds digit of 91313?
3
What is the thousands digit of 11139?
1
What is the units digit of 76?
6
What is the thousands digit of 2032?
2
What is the tens digit of 173?
7
What is the tens digit of 63315?
1
What is the hundreds digit of 921?
9
What is the thousands digit of 8574?
8
What is the thousands digit of 1252?
1
What is the units digit of 6642?
2
What is the tens digit of 19823?
2
What is the hundreds digit of 136812?
8
What is the ten thousands digit of 25238?
2
What is the thousands digit of 20063?
0
What is the tens digit of 1340?
4
What is the tens digit of 102267?
6
What is the tens digit of 63004?
0
What is the units digit of 5598?
8
What is the hundreds digit of 45372?
3
What is the hundreds digit of 70799?
7
What is the units digit of 350?
0
What is the hundreds digit of 5722?
7
What is the ten thousands digit of 17094?
1
What is the units digit of 4683?
3
What is the ten thousands digit of 38116?
3
What is the thousands digit of 5202?
5
What is the thousands digit of 1281?
1
What is the hundreds di